g - -8. What is p(n)?
1
Let h = 43 - 23. Let t(q) = -13 + 0*q + 3*q + h. Give t(-5).
-8
Let g(w) = 74*w - 2*w**2 + 5 - 4*w**2 + 2*w**3 - 4 - 3*w**2 - 76*w. Give g(5).
16
Let t(o) = -168 - o - 159 + 328. Suppose y - 4*y = 0. Let w be t(y). Let k(l) = 3*l**2 - 2*l + 1. Calculate k(w).
2
Let y(t) = -3*t + 153*t**2 - 154*t**2 - 4 + 4*t**3 - 3*t**3. Calculate y(3).
5
Let c(i) = 105*i**2 - 100*i**2 - 13*i**3 + 2*i + 14*i**3. What is c(-4)?
8
Let d be (-5 + 4)*-5*1. Let p = -23 - -27. Let z(t) = -5*t + 4. Let q(c) = 6*c - 3. Let o(l) = d*z(l) + p*q(l). What is o(7)?
1
Suppose 21 = 5*g - 29. Let q be (4/(-5))/(2/g). Let c(n) be the second derivative of n**4/12 + n**3/2 - 3*n**2/2 + 5*n. What is c(q)?
1
Let q(y) = -y**2 - 8*y - 6. Let i(c) = -8*c - 71. Let b be i(-8). Let h(k) = -13*k**2 - 4*k**3 + 5*k**2 - 6*k + 3*k**3. Let w be h(b). What is q(w)?
1
Let w(g) = g**2 - 3*g - 3. Let t be 798/49 + 4/(-14). Let h be (4/(t/(-84)))/1. Let i be (12/h)/((-3)/21). Calculate w(i).
1
Let s(g) = -8*g - 3. Let i(u) = -5*u - 2. Let l(n) = 5*i(n) - 3*s(n). Let d(j) = -2*j - 4. Let c(k) = d(k) - l(k). What is c(-2)?
-1
Let v(o) = 8*o + 24. Let l(y) = 2*y + 6. Let s(q) = -9*l(q) + 2*v(q). Give s(6).
-18
Let z(o) = -9*o**2 + o. Let g = 211 + -210. Determine z(g).
-8
Let x be 12/((-1)/((-2)/4)). Let y be ((-20)/25)/(x/(-15)). Let p(o) = -6 - o**3 + 0*o**3 - 2*o**2 + 3*o + 5*o**y + 5*o. What is p(5)?
-16
Let h(v) = -v + 13. Let t(s) = -s - 2. Let d be t(-11). Let y be h(d). Let a be (98/35)/(y/10). Let n(f) = f - 4. Determine n(a).
3
Let z(d) be the first derivative of d**3 - d**2/2 - 1. Let x be (0/4 - 1)*(-31)/(-31). Determine z(x).
4
Let q(h) be the third derivative of h**7/2520 - h**6/90 - h**5/15 - 3*h**4/8 + 14*h**2. Let w(c) be the second derivative of q(c). What is w(8)?
-8
Let k = -12 + 4. Let q = k + 9. Let n(w) = -14*w**3 + 3*w**2 + 4*w + 3. Let o(d) = 15*d**3 - 4*d**2 - 5*d - 4. Let l(u) = 4*n(u) + 3*o(u). Determine l(q).
-10
Let o(x) = -x**3 - 6*x**2 - 3*x - 13. Suppose 19 = -11*r - 47. Determine o(r).
5
Let m(z) = -z**2 - 3*z - 1. Let a = -105 - -103. Calculate m(a).
1
Let w be 121/6 - ((-87)/18)/(-29). Let d(n) = -2*n + 49. What is d(w)?
9
Let f = -4 - 2. Let m(t) be the third derivative of t**5/60 + 7*t**4/24 - t**3/6 - 32*t**2. Calculate m(f).
-7
Let d(g) = -25*g + 6. Let r(q) = -43*q + 11. Let x(f) = 7*d(f) - 4*r(f). What is x(2)?
-8
Suppose 0 = 5*g - 8 + 38. Let p(r) = 1589 - 3*r + 2*r - 1599. Calculate p(g).
-4
Let u(s) = -3*s + 4. Let g(o) = o - 2. Let j(c) = 2*g(c) + u(c). Let w be 31/(-11) - (-2)/(-11). Give j(w).
3
Let i(n) be the first derivative of n**3/3 - 4*n**2 - n + 5. Let g(s) = 2*s**2 - 13*s - 2. Let d be g(7). Determine i(d).
-16
Suppose -5*l + 5*r = r + 60, -12 = l + 5*r. Let a = l - -15. Let t(f) = f + 4*f**2 + 4*f**3 - 5*f**a + 10 - 4 + 2*f. Give t(5).
-4
Let p(l) be the first derivative of 10/3*l**3 + 0*l + 1 + 1/2*l**2. Suppose 2 - 9 = 7*d. What is p(d)?
9
Let r(a) be the first derivative of a**3/3 + 3*a**2 + 3*a + 100. What is r(-2)?
-5
Suppose z - 2*z = -11. Let x = z + -3. Let l(t) = x + 6 - 2*t + t**2 - 11. Calculate l(4).
11
Let t be (-224)/24 + 2/6. Let a be (-2)/t + 275/99. Let b be 0/a*2/4. Let c(g) = -g + 3. Calculate c(b).
3
Let g(y) be the first derivative of -y**3/3 - 4*y**2 - 6*y + 1. Let o(w) = w - 27. Let z be o(12). Let p be 4/(12/z) + -2. Determine g(p).
1
Let a(y) be the second derivative of y**4/2 + y**3/6 + y**2/2 + 4*y - 3. Calculate a(-1).
6
Let c(b) be the third derivative of 0*b + 1/8*b**4 - 17*b**2 + 0 + 1/6*b**3. Calculate c(4).
13
Let v be 11/7 + 24/56. Let l(w) = -8 + 0*w - 7*w - 4 + 6 + w**v. Give l(8).
2
Let c(w) = 5*w**2 + 2*w - 1. Let h be 1/(21/(-14)*(-4)/6). What is c(h)?
6
Let s(c) = -6 - 21*c**3 + 0 + 20*c**3 + 4*c**2 + 4*c - 6. What is s(4)?
4
Let c(o) = -o**2 - 6*o + 12. Suppose m = -5*x + 9 - 6, 20 = -4*m - 4*x. Calculate c(m).
5
Let d(g) = -g. Let q(a) = 2 + 0*a + 0*a - 8*a + 6. Let z(x) = 14*d(x) - 2*q(x). Calculate z(11).
6
Let o(l) = 2*l**3 + 2*l**2 + 7*l + 40. Let x(v) = v**3 + v**2 + 3*v + 20. Suppose 0 = -4*z - 2 + 10. Let y(f) = z*o(f) - 5*x(f). Determine y(0).
-20
Let r = 36 + -33. Let u(w) = 11*w - 2*w**2 - 15*w + 0*w**2 + w**2 - r. Give u(-5).
-8
Suppose -5*i - 100 = -4*f, -5*i + 100 = -0*f + 4*f. Suppose 3*n + 25 = 5*j, 4*n + f = 5*j + 2*n. Let h(t) = 2*t - 3. Determine h(j).
7
Let y(c) = -2*c - c + 5*c**2 - c**3 - 4 + 10*c. Let l be y(6). Let i(g) = 3*g + 2. Let f(v) = 1. Let z(d) = -4*f(d) + i(d). Calculate z(l).
4
Let a(x) = 2*x**2 - 102 - 120*x**3 + 121*x**3 + 102. Let n = -3 + 2. Determine a(n).
1
Suppose 2*r + 4 = 3*q + 2*q, -2*q + 1 = -r. Let n(l) = -7 + 6*l**2 - l**2 - l**2 + 3*l - 3*l**q. Determine n(-5).
3
Let c(m) = 2*m + 14. Let w(l) = -1. Let v(j) = -c(j) + 2*w(j). Let a be v(-8). Suppose -3*x + 2 + 4 = a. Let d(t) = 2*t**3 - 4*t**2 + 3*t. Calculate d(x).
6
Let k(j) = -19*j**2 + 1. Suppose 12 = -0*i + 4*i + 4*c, i + 4*c + 9 = 0. Let s = 8 - i. Give k(s).
-18
Let c(h) be the third derivative of -h**8/20160 + h**6/720 + h**5/20 + 10*h**2. Let p(l) be the third derivative of c(l). Calculate p(-2).
-3
Let d(t) = -5*t**2 + 12*t - 1. Let g be d(2). Let i(f) = 7*f - 23. Calculate i(g).
-2
Suppose -37*q + 6 = -35*q. Suppose 0 = q*a - 6. Let p(f) = 3*f**3 - 2*f**2 - f - 2. Calculate p(a).
12
Let m(y) = y**2 - 7*y + 5. Suppose 3*i - 67 = -55. Determine m(i).
-7
Let k(j) be the third derivative of -j**5/60 - j**4/12 - j**3/6 - j**2 - 142. Let g be 0 - 5 - 6/(-2). Let m be -1*1/g*-2. Determine k(m).
0
Suppose 8 = -4*h, 5*h = -0*u - 5*u + 20. Let o be u/4*80/(-30). Let s(l) be the first derivative of -l**3/3 - 5*l**2/2 + 2*l + 15. Determine s(o).
6
Let q = -20 - -20. Let v(t) = -37 - 12*t**2 + 36 + t + q*t. Let f be 1*(-1 - 0) - -2. What is v(f)?
-12
Let u = 105 - 108. Let m(i) be the second derivative of 2*i**2 - i + 1/20*i**5 + 0*i**3 + 1/4*i**4 + 0. What is m(u)?
4
Suppose 4*i + 7*o = 4*o - 20, -4*o + 16 = 0. Let u(n) be the second derivative of n**3/6 + 11*n**2/2 + 2*n. What is u(i)?
3
Let a be (2 + (-2)/2)*-3. Suppose -5*z - 2*k = -30, 2*z - 3 - 9 = k. Let v(j) = 4 - z*j + 2*j - j + j**2 + 9*j. Calculate v(a).
1
Let q(s) = 10*s + 5. Let v be q(-3). Let b = -21 - v. Let a(r) = 3 - 2*r + 4*r - 3*r. Calculate a(b).
-1
Let k(m) = 8*m**3 + 6*m**2 - 9. Let a(p) = p**2 - 2. Let s(r) = 4*a(r) - k(r). What is s(-1)?
7
Suppose -191 = 5*s - 136. Let r(y) = -y**3 - 12*y**2 - 11*y + 9. What is r(s)?
9
Let s(j) = j + 4. Let d(g) = 2*g + 30. Let y(r) = -d(r) + 5*s(r). Calculate y(-8).
-34
Let o be 8*(0 + 2/2). Suppose -4*l - o + 24 = 0. Let t(f) = -15*f + l*f + 12*f. What is t(3)?
3
Let w(s) = 4*s - 8. Let l be 4/((-4)/(-5)) + 0. Let t(i) = 2 + 2 - l. Let y(v) = -5*t(v) + w(v). Calculate y(2).
5
Let p(z) = 2*z + 4. Let w be p(-1). Let j(n) = -8*n + 15*n + w - 8*n. Calculate j(-2).
4
Suppose 0 = b - 2 - 1. Suppose -7*t + 33 = 5*y - b*t, 5*y - 17 = 4*t. Let c(l) = -l**3 + 5*l**2 - 6. Determine c(y).
-6
Suppose -i = -13 + 9. Suppose 0 = i*s - q - 9, -5 = -5*s - 4*q + 1. Let c(w) = 2*w + 7 - 3 - s. What is c(4)?
10
Let l(s) = s**3 - 16*s**2. Let p be 8 - (-31 - -24 - 1/1). What is l(p)?
0
Let u(z) = 1 - 5*z**2 - 7*z**2 + 2*z**2 + 6*z - 2 + 4*z**3. Let w(m) = 3*m**3 - 9*m**2 + 6*m - 2. Let k(v) = -2*u(v) + 3*w(v). What is k(6)?
-4
Suppose -4*x - o + 1 = 0, 0*x - 2*o = 5*x + 1. Let t be ((-1)/2*14)/x. Let a be 8*1*t/14. Let l(h) = 4*h + 5. Determine l(a).
-11
Let w(m) = -6*m + 21. Let g(k) = k - 1. Let o(i) = -5*g(i) - w(i). Calculate o(7).
-9
Let t(k) = -1 + k**2 - 4*k**2 - 4*k - 2. Let b(v) = -9*v - 56. Let i be b(-6). Calculate t(i).
-7
Let d(l) = 28*l + 222. Let b be d(-8). Let y(o) = 6*o**2 - 2*o - 1. Give y(b).
27
Let a(x) = x**2 - 3*x - 23. Let n be a(6). Let r(t) = 7*t**3 - t**2 + 5*t + 5. Let w(v) = -4*v**3 - 3*v - 3. Let c(p) = n*w(p) - 3*r(p). Give c(3).
0
Let j(b) = 0 - 1454*b - 1 - 12*b**2 + b**3 - 1450*b + 2901*b. Determine j(12).
-37
Let h(d) = -11*d**2 - 4*d + 16*d**2 - d**2 + 5 - 9*d**2 - 4. What is h(-3)?
-32
Let j(g) = 10*g**3 + 13*g**3 + 15*g**3 - 14*g**2 - 47*g**3 + 8*g**3 - 13*g - 18. What is j(-13)?
-18
Suppose -13 = 4*p - 81. Let v(l) = 5*l**3 - 9*l**2 - 7*l + 11. Let h(n) = 14*n**3 - 27*n**2 - 21*n + 33. Let q(b) = p*v(b) - 6*h(b). Give q(-8).
-3
Let z(a) = -a. Let f = 